
Suppose 3*v = 3*r + 27, -13*v = -10*v - 4*r - 31. Let t(b) be the second derivative of -b**5/20 + b**4/2 - 2*b**3/3 + 7*b**2/2 + 3*b. Give t(v).
12
Let t(f) be the third derivative of -19*f**4/24 + 2*f**2 - 696*f. Suppose -6*u = -u + 5, 3*j + 2*u - 1 = 0. Give t(j).
-19
Let g(t) be the first derivative of 4/3*t**3 + 3*t + 0*t**2 - 3 - 1/4*t**4. What is g(4)?
3
Let u(h) be the first derivative of 5*h**2/2 + 6*h - 155. Determine u(-3).
-9
Let h(t) = t**3 + 10*t**2 - t - 3. Let o be h(-10). Let z = 16 + -28. Let d = z + o. Let i(f) = -f**3 - 6*f**2 - 5*f + 4. Calculate i(d).
4
Let j = -182 + 187. Let a(m) be the second derivative of 5/12*m**4 - 6*m + 1/3*m**3 + 0 + 3/2*m**2 - 1/20*m**j. Calculate a(5).
13
Suppose 0 = -l + 3*m, 5*l + 0*m + 5*m = 0. Suppose 5*y - q - q = 28, l = 3*y + 4*q + 4. Let n(a) = -a**3 + 5*a**2 - 3*a - 2. Determine n(y).
2
Let j(p) = -56*p + 554. Let i be j(10). Let q(t) = -t**3 - 8*t**2 - 2*t + 3. Determine q(i).
-57
Let h(f) be the second derivative of f**3 + f**2 - 138*f + 2. What is h(0)?
2
Let d(v) = 4*v**2 - v + 1. Let y be (-15)/10 + (-80)/(-32). Determine d(y).
4
Let c(x) = x + 14. Let v be c(-8). Let w(g) = 8*g - 7*g**2 + 8*g + g**3 - 8*g + 2. Give w(v).
14
Let c(b) = 4*b**3 - 10*b**2 + b + 14. Let x(w) = 9*w**3 - 21*w**2 + w + 33. Let p(i) = 7*c(i) - 3*x(i). What is p(6)?
-13
Let d(o) = -o**3 + 7*o**2 - 8*o + 7. Suppose 34 = 5*s - 26. Suppose 0 = 8*j - s*j. Suppose j = 4*v - 5*v + 6. Calculate d(v).
-5
Let z(p) = p - 4*p + 4 - 3. Let g be z(-1). Let u(y) = -3*y**2 - 3*y - 3. Let a(h) = 4*h**2 + 5*h + 4. Let r(d) = 2*a(d) + 3*u(d). Determine r(g).
-13
Let n(h) = -5*h**3 - h**2. Let i = 78 + -50. Let r be 2/4*7/(i/8). Give n(r).
-6
Let x = 31 - 47. Let k = x + 20. Let t(o) = k - 3*o**2 + 4*o**2 + 3 - 8. Determine t(0).
-1
Suppose -143*q = -132*q - 33. Let b(y) = y**2 + y. What is b(q)?
12
Let g(i) = i**3 + 4*i**2 + i - 4. Let l be g(-3). Let d(s) = s**l + 5 - 4*s + 5*s + 5*s. Determine d(-5).
0
Let t(g) be the third derivative of -g**5/60 + 7*g**4/24 + g**3 - g**2. Let m = -2214 - -2221. What is t(m)?
6
Let h be 5 + -10 + -1 + 0. Suppose 7*d - 2*p = 3*d + 32, 3*d - 27 = 3*p. Let b(v) = 1 + 6*v + 3*v**2 - d*v**2 - v**2 - v**3. What is b(h)?
1
Let g(b) = -b**2 + 3*b + 6. Let k(o) be the second derivative of o**4/12 + o**3/6 - 7*o**2/2 + 19*o. Let z be k(3). What is g(z)?
-4
Let b(n) = 5*n - 74. Let o be b(16). Suppose -o*u = -7*u + 2. Let t(r) = 9*r - 1. What is t(u)?
17
Let q(a) = -3*a**3 - 8*a**2 - 9*a + 3. Let c(r) = -16*r**3 - 40*r**2 - 46*r + 14. Let s(b) = 2*c(b) - 11*q(b). Determine s(-7).
-5
Let a(s) = -9*s**2 - 4*s + 14. Let d(f) = -4*f**2 - 2*f + 7. Let l(b) = -3*a(b) + 7*d(b). Give l(-6).
-17
Let a(q) = 46*q + 5. Let c(j) = -55*j - 4. Let w(m) = -6*a(m) - 5*c(m). Determine w(7).
-17
Let q(y) be the first derivative of 5*y**2/2 - 3*y - 97. Give q(2).
7
Let f(q) = 21*q**2 + 5*q + 8. Suppose -u - 11 = -0*u. Let l(j) = 7*j**2 + 2*j + 3. Let h(k) = u*l(k) + 4*f(k). Give h(-1).
8
Suppose -10*k + 4 = -12*k. Let n be 36/(-4)*k/(-6). Let y(o) = -o - 7. What is y(n)?
-4
Let u(k) be the second derivative of k**5/20 + 5*k**4/12 - 7*k**3/6 + k**2 + 2*k. Let b = 25 + -31. Give u(b).
8
Let i(o) be the second derivative of o**5/20 + o**4/2 + 7*o**3/6 + 7*o**2/2 - o. Suppose 21 + 195 = 9*j. Let c = 19 - j. Calculate i(c).
-3
Let j be (-11)/55 - 1/(-5). Let p(f) = f**3 + f**2 + 2*f + 2. Determine p(j).
2
Let i(o) be the first derivative of -o**4/4 + 7*o**3/3 - 2*o**2 + 10*o + 3. Let g be 154/21 + 1/(-3). Give i(g).
-18
Let y(i) = i**3 + 4*i**2 - 3 - i - 1 - 1 + 3. Suppose 5*d + 3*j + 28 = 0, 0 = -5*d - 2*j - 11 - 16. Give y(d).
-22
Let q(d) = 54*d - 41*d - d**3 + 490*d**2 + 4 - 502*d**2. Determine q(-13).
4
Let n(a) = a**3 - 5*a**2 - 12*a - 14. Suppose -4*d = -2*k - 2*d + 16, -2*k = -3*d - 17. What is n(k)?
0
Let f(m) = -m**3 + 3*m**2 + 2. Let v be f(2). Let h(l) = -l**3 + 5*l**2 + 8. Give h(v).
-28
Suppose 56 = 23*c - 13. Let d(m) be the first derivative of -m**c - 1 + 1/2*m**2 + m. What is d(-1)?
-3
Let o(d) be the first derivative of d - 2. Let w(a) = 5*a - 7. Let p(n) = -3*o(n) - w(n). Suppose -22*q + 231 = 55*q. Calculate p(q).
-11
Let c be (204/51)/(-5 + 2 - -1). Let a(i) = 2*i**3 + 2*i**2 - i - 2. Calculate a(c).
-8
Suppose 257 = 20*p - 3. Let w(f) = f**3 - 13*f**2 - 14. What is w(p)?
-14
Let o(j) be the third derivative of -j**7/630 + j**6/720 - 5*j**4/6 - 14*j**2. Let v(t) be the second derivative of o(t). What is v(-2)?
-18
Let b = 1422 - 1426. Let u(f) = 3*f**3 - 1 + 3*f**2 - 2*f**3 - 2*f + 5. Calculate u(b).
-4
Let p(t) be the second derivative of -t**5/20 + 11*t**4/12 - 19*t**3/6 + 13*t**2/2 + 44*t. Let x be p(9). Let i(v) = -3*v - 1. What is i(x)?
-13
Let v(t) = t**2 - 6*t + 3. Let u be (-6)/16 - (8 - (-690)/(-48)). Calculate v(u).
3
Let j(t) = -t**3 + t**2 - t - 1. Let a be (0 - 0 - -1)*(-1 - 0). Let d(f) = 2*f**3 - 10*f**2 - 4*f + 1. Let w(m) = a*d(m) - 3*j(m). What is w(-6)?
-4
Let o be 355/20 + (-2)/(-8). Suppose -4*y = i + 24, 3*i - 2*y = i - o. Let w = i - -16. Let j(v) = -v**3 + 3*v**2 + 3*v - 2. Determine j(w).
-6
Let x be 3 + (-4 - -3) + 0. Suppose 46 = 4*n - x*n. Let h(f) = -26*f - 2 - n*f + 55*f + f**2. Determine h(-5).
-7
Let d(h) = 11*h**3 + 2*h + 1. Suppose 4*i - 40 = -i. Suppose -5*q + 8 = -b - 2*b, 4*q - 2*b = i. Suppose -6 = 3*v, 2*j = -q*v + 3 - 13. Give d(j).
-12
Let x(o) = 93*o - 402. Let r(f) = -7*f + 31. Let y(j) = -27*r(j) - 2*x(j). Give y(11).
0
Let d(b) = -b**2 - b - 1. Let r(y) = -5*y**3 - 2*y - 3. Let g(m) = -2*d(m) + r(m). Suppose -2*s - 2*s = -12. Let u be 1/s*(-3 + 6). Calculate g(u).
-4
Let u(j) = -j**2 + 69 - 216 + 7*j + 68 + 75. Calculate u(5).
6
Let x(m) = 38*m**2 - m + 6. Let n(d) = -38*d**2 + d - 7. Let a(i) = 6*n(i) + 7*x(i). Calculate a(-1).
39
Let r = 19 - 24. Let k(v) be the third derivative of -v**4/12 - v**3/6 + 81*v**2. Determine k(r).
9
Let j(l) = 3*l. Let w(f) = -8*f - 1. Let y(g) = -11*j(g) - 4*w(g). Let i = -34 + 36. Suppose -s = i*s - 18. Calculate y(s).
-2
Let t be (40/15)/(6/9 + 0). Let o(g) = 3 - g - g - t - 21*g**2. Determine o(-1).
-20
Let b(r) = r**2 + 8*r + 9. Let o be (-16)/(-16)*(0 - -1). Let m be (o/2)/(4/(-56)). Calculate b(m).
2
Let u(s) = 19 + 11*s - 19 - 10*s. Calculate u(-1).
-1
Let b(n) = 2*n - 5. Let j = -626 - -635. Calculate b(j).
13
Let v(r) = r + 1. Suppose 3*j = 1 + 2. Let y(z) = -z**2 + z + 1. Let s(t) = j*v(t) - y(t). Calculate s(-3).
9
Suppose 14 = 4*l + 3*u, -3*l - u + 12 = -1. Suppose -b = 5*w + 40, 0 = -3*w + l*b - 7 - 17. Let s = -9 - w. Let k(r) = -7*r**3 + r**2 + 2*r + 1. Calculate k(s).
7
Let y(h) = -h**3 + 8*h**2 - 7*h + 3. Let t = -233 - -240. What is y(t)?
3
Let z(u) = u**3 + 2*u**2. Let c(v) = -v**3 + v**2 + 17*v - 31. Let p be c(2). What is z(p)?
1
Suppose 0 - 5 = 5*v. Let f be (-6)/(-2 + 3 + -4). Let l(k) = 3*k + 0*k**2 - 2*k - f*k**2. Give l(v).
-3
Suppose -2*v - 12 - 4 = -3*g, -6 = -2*g - v. Suppose 4*n - 8*n = 8. Let d = g - n. Let i(y) = -y**2 + 7*y + 4. Give i(d).
10
Let w(x) = 5*x + 4 - 12 - 21*x + 5*x - x**2. Calculate w(-9).
10
Let t(y) = -y + 18. Suppose 9*g - 3644 = -3563. Determine t(g).
9
Let p(b) = b**3 - 7*b**2 + b + 3. Let m = 893 - 887. Calculate p(m).
-27
Let x be (44/(-3))/(-11) + (-1)/3. Let g be -8*(2 + (-6)/4)/x. Let t(c) = -c**2 - 5*c - 1. Calculate t(g).
3
Let a(x) = 4*x**3 + 22*x**2 + 12*x + 7. Let d be a(-5). Let u(v) = v + 4. Calculate u(d).
1
Let t = -6 + 4. Let n(j) = 3*j**2 - 4. Let v(i) = 8*i**2 - i - 10. Let p(q) = 5*n(q) - 2*v(q). Give p(t).
-8
Let u(o) = -145*o**2 - 142*o**2 - 2 + 436*o**2 - 148*o**2. Suppose c + 2 = -0. Give u(c).
2
Suppose 7*g + m = 2*g + 29, 0 = 3*m - 12. Let h(b) = 3*b - 2. What is h(g)?
13
Let z(x) = 4*x + 1. Let d be -17 + 14 + (-6 - -1). What is z(d)?
-31
Let f(p) = -p**3 + 12*p**2 - 10*p - 14. Let x be 138/15 - -2 - (-2)/(-10). Calculate f(x).
-3
Let y be 0 + (0 - (-7 + 0)). Let a(m) = -3. Let q(g) = g - 19. Let x(c) = 2*a(c) - q(c). What is x(y)?
6
Let x(b) = -39*b**2. Let v be 1*(-3)/6*-2. Determine x(v).
-39
Let t(n) = -3 - 10 + 6*n + 9*n**2 + 2072*n**3 - 5 - 2071*n**3 - 1. Determine t(-8).
-3
Let h be 56/(-12)*3/1. Let j = 7 + h. Let m = j + 8. Let y(t) = 10*t**2 + 2*t - 1. Calculate y(m).
11
Suppose 0 = -7*f + 2*f - 30. Let c(v) = -3*v**3 + 27*v**2 + 9*v + 9.